{"id":844,"date":"2025-09-12T12:35:49","date_gmt":"2025-09-12T12:35:49","guid":{"rendered":"https:\/\/tinerisudmuntenia.ro\/?page_id=844"},"modified":"2025-09-12T12:35:49","modified_gmt":"2025-09-12T12:35:49","slug":"indicatori-prestabiliti","status":"publish","type":"page","link":"https:\/\/tinerisudmuntenia.ro\/index.php\/indicatori-prestabiliti\/","title":{"rendered":"Indicatori prestabiliti"},"content":{"rendered":"\n<figure class=\"wp-block-table\"><table class=\"has-fixed-layout\"><tbody><tr><td colspan=\"3\"><strong>Indicatori de realizare<\/strong><\/td><\/tr><tr><td><strong>Cod<\/strong><\/td><td><strong>Denumire indicator<\/strong><\/td><td><strong>Valoare<\/strong><\/td><\/tr><tr><td>EECO06+07<\/td><td><strong>Copii \u0219i tineri (num\u0103r persoane) (num\u0103r persoane)<\/strong><\/td><td>280<\/td><\/tr><tr><td>5SO05<\/td><td><strong>Copii \u0219i tineri roma (num\u0103r persoane) (num\u0103r persoane)<\/strong><\/td><td>43<\/td><\/tr><\/tbody><\/table><\/figure>\n\n\n\n<figure class=\"wp-block-table\"><table class=\"has-fixed-layout\"><tbody><tr><td colspan=\"3\"><strong>Indicatori de rezultat<\/strong><\/td><\/tr><tr><td><strong>Cod<\/strong><\/td><td><strong>Denumire indicator<\/strong><\/td><td><strong>Valoare<\/strong><\/td><\/tr><tr><td>EECR03<\/td><td><strong>Persoane care dob\u00e2ndesc o calificare la \u00eencetarea calit\u0103\u021bii de participant (num\u0103r persoane) (num\u0103r persoane)<\/strong><\/td><td>225<\/td><\/tr><tr><td>EECR03.01<\/td><td><strong>Persoane roma care dob\u00e2ndesc o calificare la \u00eencetarea calit\u0103\u021bii de participant (num\u0103r persoane) (num\u0103r persoane)<\/strong><\/td><td>31<\/td><\/tr><tr><td>EECR04<\/td><td><strong>Participan\u021bi care au un loc de munc\u0103, inclusiv care desf\u0103\u0219oar\u0103 o activitate independent\u0103, la \u00eencetarea calit\u0103\u021bii de participant (num\u0103r de persoane) (num\u0103r de persoane)<\/strong><\/td><td>85<\/td><\/tr><tr><td>EECR04.01<\/td><td><strong>Participan\u021bi care au un loc de munc\u0103, inclusiv care desf\u0103\u0219oar\u0103 o activitate independent\u0103, la \u00eencetarea calit\u0103\u021bii de participant (num\u0103r de persoane) (num\u0103r de persoane)<\/strong><\/td><td>9<\/td><\/tr><\/tbody><\/table><\/figure>\n","protected":false},"excerpt":{"rendered":"<p>Indicatori de realizare Cod Denumire indicator Valoare EECO06+07 Copii \u0219i tineri (num\u0103r persoane) (num\u0103r persoane) 280 5SO05 Copii \u0219i tineri roma (num\u0103r persoane) (num\u0103r persoane) 43 Indicatori de rezultat Cod Denumire indicator Valoare EECR03 Persoane care dob\u00e2ndesc o calificare la \u00eencetarea calit\u0103\u021bii de participant (num\u0103r persoane) (num\u0103r persoane) 225 EECR03.01 Persoane roma care dob\u00e2ndesc o calificare la \u00eencetarea calit\u0103\u021bii de&#8230;<\/p>\n","protected":false},"author":1,"featured_media":0,"parent":0,"menu_order":0,"comment_status":"closed","ping_status":"closed","template":"","meta":{"footnotes":""},"class_list":["post-844","page","type-page","status-publish","hentry"],"_links":{"self":[{"href":"https:\/\/tinerisudmuntenia.ro\/index.php\/wp-json\/wp\/v2\/pages\/844","targetHints":{"allow":["GET"]}}],"collection":[{"href":"https:\/\/tinerisudmuntenia.ro\/index.php\/wp-json\/wp\/v2\/pages"}],"about":[{"href":"https:\/\/tinerisudmuntenia.ro\/index.php\/wp-json\/wp\/v2\/types\/page"}],"author":[{"embeddable":true,"href":"https:\/\/tinerisudmuntenia.ro\/index.php\/wp-json\/wp\/v2\/users\/1"}],"replies":[{"embeddable":true,"href":"https:\/\/tinerisudmuntenia.ro\/index.php\/wp-json\/wp\/v2\/comments?post=844"}],"version-history":[{"count":1,"href":"https:\/\/tinerisudmuntenia.ro\/index.php\/wp-json\/wp\/v2\/pages\/844\/revisions"}],"predecessor-version":[{"id":845,"href":"https:\/\/tinerisudmuntenia.ro\/index.php\/wp-json\/wp\/v2\/pages\/844\/revisions\/845"}],"wp:attachment":[{"href":"https:\/\/tinerisudmuntenia.ro\/index.php\/wp-json\/wp\/v2\/media?parent=844"}],"curies":[{"name":"wp","href":"https:\/\/api.w.org\/{rel}","templated":true}]}}