{"id":842,"date":"2025-09-12T12:35:27","date_gmt":"2025-09-12T12:35:27","guid":{"rendered":"https:\/\/tinerisudmuntenia.ro\/?page_id=842"},"modified":"2025-09-12T12:35:27","modified_gmt":"2025-09-12T12:35:27","slug":"rezultate-asteptate","status":"publish","type":"page","link":"https:\/\/tinerisudmuntenia.ro\/index.php\/rezultate-asteptate\/","title":{"rendered":"REZULTATE ASTEPTATE"},"content":{"rendered":"\n<p>Principalele rezultate asteptate\/finale in urma implementarii proiectului sunt:<\/p>\n\n\n\n<p>&#8211; o baza de date cu minim 280 persoane interesate de activitatile proiectului intocmita,<\/p>\n\n\n\n<p>&#8211; minim 280 persoane din judetul Brasov inscrise in cadrul activitatilor proiectului,<\/p>\n\n\n\n<p>&#8211; minim 280 chestionare de feedback aplicate membrilor din grupul tinta,<\/p>\n\n\n\n<p>&#8211; o campanie online de informare si identificare grup tinta realizata,<\/p>\n\n\n\n<p>&#8211; 280 persoane din grupul tinta consiliate profesional pentru incurajarea participarii la programele de formare profesionala si la serviciile de mediere pe piata muncii,<\/p>\n\n\n\n<p>&#8211; o Brosura de informare si orientare profesionala elaborata si distribuita,<\/p>\n\n\n\n<p>&#8211; 280 persoane din grupul tinta mediate pe piata muncii in vederea angajarii,<\/p>\n\n\n\n<p>&#8211; minim 85 persoane din grupul tinta care au obtinut statutul de persoan\u0103 ocupat\u0103\/sunt \u00eencadrate \u00eentr-o activitate de munc\u0103 generatoare de venit,<\/p>\n\n\n\n<p>&#8211; 280 persoane din grupul tinta inscrise la programele de formare profesionala din cadrul proiectului,<\/p>\n\n\n\n<p>&#8211; 20 sesiuni de formare profesionala autorizate realizate,<\/p>\n\n\n\n<p>&#8211; 20 sesiuni de evaluare aferente cursurilor autorizate realizate,<\/p>\n\n\n\n<p>&#8211; 280 diplome de participare elaborate si eliberate participantilor la cursurile autorizate,<\/p>\n\n\n\n<p>&#8211; minim 225 certificate calificare scrise si eliberate participantilor la cursurile autorizate,<\/p>\n\n\n\n<p>&#8211; 280 persoane din grupul tinta care participa la servicii specializate pentru stimularea ocuparii;<\/p>\n\n\n\n<p>&#8211; 280 persoane din grupul tinta care particip\u0103 la un program de formare profesionala;<\/p>\n\n\n\n<p>&#8211; 225 persoane care ob\u021bin un certificat de calificare\/certificat de absolvire in conformitate cu prevederile OG nr. 129\/2000;<\/p>\n\n\n\n<p>&#8211; minimum 85 persoane care ca urmare a sprijinului primit au ob\u021binut statutul de persoan\u0103 ocupat\u0103\/sunt \u00eencadrate \u00eentr-o activitate de munc\u0103 generatoare de venit.<\/p>\n","protected":false},"excerpt":{"rendered":"<p>Principalele rezultate asteptate\/finale in urma implementarii proiectului sunt: &#8211; o baza de date cu minim 280 persoane interesate de activitatile proiectului intocmita, &#8211; minim 280 persoane din judetul Brasov inscrise in cadrul activitatilor proiectului, &#8211; minim 280 chestionare de feedback aplicate membrilor din grupul tinta, &#8211; o campanie online de informare si identificare grup tinta realizata, &#8211; 280 persoane din&#8230;<\/p>\n","protected":false},"author":1,"featured_media":0,"parent":0,"menu_order":0,"comment_status":"closed","ping_status":"closed","template":"","meta":{"footnotes":""},"class_list":["post-842","page","type-page","status-publish","hentry"],"_links":{"self":[{"href":"https:\/\/tinerisudmuntenia.ro\/index.php\/wp-json\/wp\/v2\/pages\/842","targetHints":{"allow":["GET"]}}],"collection":[{"href":"https:\/\/tinerisudmuntenia.ro\/index.php\/wp-json\/wp\/v2\/pages"}],"about":[{"href":"https:\/\/tinerisudmuntenia.ro\/index.php\/wp-json\/wp\/v2\/types\/page"}],"author":[{"embeddable":true,"href":"https:\/\/tinerisudmuntenia.ro\/index.php\/wp-json\/wp\/v2\/users\/1"}],"replies":[{"embeddable":true,"href":"https:\/\/tinerisudmuntenia.ro\/index.php\/wp-json\/wp\/v2\/comments?post=842"}],"version-history":[{"count":1,"href":"https:\/\/tinerisudmuntenia.ro\/index.php\/wp-json\/wp\/v2\/pages\/842\/revisions"}],"predecessor-version":[{"id":843,"href":"https:\/\/tinerisudmuntenia.ro\/index.php\/wp-json\/wp\/v2\/pages\/842\/revisions\/843"}],"wp:attachment":[{"href":"https:\/\/tinerisudmuntenia.ro\/index.php\/wp-json\/wp\/v2\/media?parent=842"}],"curies":[{"name":"wp","href":"https:\/\/api.w.org\/{rel}","templated":true}]}}